{"id":28,"date":"2023-09-08T11:30:57","date_gmt":"2023-09-08T08:30:57","guid":{"rendered":"https:\/\/takeaway.iss.fi\/paimioverkkokauppa\/tuote\/lounaslippu-10-kpl\/"},"modified":"2026-01-01T02:41:17","modified_gmt":"2026-01-01T00:41:17","slug":"lounaslippu-10-kpl","status":"publish","type":"product","link":"https:\/\/takeaway.iss.fi\/paimioverkkokauppa\/tuote\/lounaslippu-10-kpl\/","title":{"rendered":"Lounaslippu 10 kpl"},"content":{"rendered":"<p>Lounaslippu henkil\u00f6kunnan aterian maksamiseen.<\/p>\n<p>M\u00e4\u00e4rit\u00e4 noutopaikka ja nouda lipukkeet noutopaikasta, nouto tulee tapahtua Ma-Pe kello 12-14 v\u00e4lill\u00e4.\u00a0Esit\u00e4 kuitti maksusta noutaessasi lipukkeita sek\u00e4 henkil\u00f6kortti tunniste.\u00a0\u00a0\u00a0<\/p>\n<p>Lipukkeet on tilattava\u00a0noutop\u00e4iv\u00e4n aamuna\u00a0kello 8:00 menness\u00e4.<\/p>\n<p>Valitse paikan p\u00e4\u00e4ll\u00e4 haluamasi lounasvaihtoehto\u00a0ja luovuta\u00a0lipuke ruokapalvelun henkil\u00f6kunnalle.\u00a0<\/p>\n","protected":false},"excerpt":{"rendered":"<p>Lounaslippu henkil\u00f6kunnan aterian maksamiseen. M\u00e4\u00e4rit\u00e4 noutopaikka ja nouda lipukkeet noutopaikasta, nouto tulee tapahtua Ma-Pe kello 12-14 v\u00e4lill\u00e4.\u00a0Esit\u00e4 kuitti maksusta noutaessasi lipukkeita sek\u00e4 henkil\u00f6kortti tunniste.\u00a0\u00a0\u00a0 Lipukkeet on tilattava\u00a0noutop\u00e4iv\u00e4n aamuna\u00a0kello 8:00 menness\u00e4. Valitse paikan p\u00e4\u00e4ll\u00e4 haluamasi lounasvaihtoehto\u00a0ja luovuta\u00a0lipuke ruokapalvelun henkil\u00f6kunnalle.\u00a0<\/p>\n","protected":false},"featured_media":68,"template":"","meta":[],"product_brand":[],"product_cat":[32],"product_tag":[],"class_list":{"0":"post-28","1":"product","2":"type-product","3":"status-publish","4":"has-post-thumbnail","6":"product_cat-lounas-ja-valipalaliput","8":"first","9":"instock","10":"virtual","11":"taxable","12":"purchasable","13":"product-type-simple"},"_links":{"self":[{"href":"https:\/\/takeaway.iss.fi\/paimioverkkokauppa\/wp-json\/wp\/v2\/product\/28","targetHints":{"allow":["GET"]}}],"collection":[{"href":"https:\/\/takeaway.iss.fi\/paimioverkkokauppa\/wp-json\/wp\/v2\/product"}],"about":[{"href":"https:\/\/takeaway.iss.fi\/paimioverkkokauppa\/wp-json\/wp\/v2\/types\/product"}],"wp:featuredmedia":[{"embeddable":true,"href":"https:\/\/takeaway.iss.fi\/paimioverkkokauppa\/wp-json\/wp\/v2\/media\/68"}],"wp:attachment":[{"href":"https:\/\/takeaway.iss.fi\/paimioverkkokauppa\/wp-json\/wp\/v2\/media?parent=28"}],"wp:term":[{"taxonomy":"product_brand","embeddable":true,"href":"https:\/\/takeaway.iss.fi\/paimioverkkokauppa\/wp-json\/wp\/v2\/product_brand?post=28"},{"taxonomy":"product_cat","embeddable":true,"href":"https:\/\/takeaway.iss.fi\/paimioverkkokauppa\/wp-json\/wp\/v2\/product_cat?post=28"},{"taxonomy":"product_tag","embeddable":true,"href":"https:\/\/takeaway.iss.fi\/paimioverkkokauppa\/wp-json\/wp\/v2\/product_tag?post=28"}],"curies":[{"name":"wp","href":"https:\/\/api.w.org\/{rel}","templated":true}]}}