{"id":3,"date":"2024-07-02T12:50:15","date_gmt":"2024-07-02T09:50:15","guid":{"rendered":"https:\/\/takeaway.iss.fi\/karinkampus\/ostoskori\/?lang=fi"},"modified":"2024-07-02T12:50:15","modified_gmt":"2024-07-02T09:50:15","slug":"ostoskori","status":"publish","type":"page","link":"https:\/\/takeaway.iss.fi\/karinkampus\/ostoskori\/","title":{"rendered":"Ostoskori"},"content":{"rendered":"\n<div data-block-name=\"woocommerce\/cart\" class=\"wp-block-woocommerce-cart alignwide is-loading\">\n<div data-block-name=\"woocommerce\/filled-cart-block\" class=\"wp-block-woocommerce-filled-cart-block\">\n<div data-block-name=\"woocommerce\/cart-items-block\" class=\"wp-block-woocommerce-cart-items-block\">\n<div data-block-name=\"woocommerce\/cart-line-items-block\" class=\"wp-block-woocommerce-cart-line-items-block\"><\/div>\n\n\n\n<div data-block-name=\"woocommerce\/cart-cross-sells-block\" class=\"wp-block-woocommerce-cart-cross-sells-block\">\n<h2 class=\"wp-block-heading has-large-font-size\">Saatat olla kiinnostunut&#8230;<\/h2>\n\n\n\n<div data-block-name=\"woocommerce\/cart-cross-sells-products-block\" class=\"wp-block-woocommerce-cart-cross-sells-products-block\"><\/div>\n<\/div>\n<\/div>\n\n\n\n<div data-block-name=\"woocommerce\/cart-totals-block\" class=\"wp-block-woocommerce-cart-totals-block\">\n<div data-block-name=\"woocommerce\/cart-order-summary-block\" class=\"wp-block-woocommerce-cart-order-summary-block\">\n<div data-block-name=\"woocommerce\/cart-order-summary-heading-block\" class=\"wp-block-woocommerce-cart-order-summary-heading-block\"><\/div><div data-block-name=\"woocommerce\/cart-order-summary-coupon-form-block\" class=\"wp-block-woocommerce-cart-order-summary-coupon-form-block\"><\/div><div data-block-name=\"woocommerce\/cart-order-summary-totals-block\" class=\"wp-block-woocommerce-cart-order-summary-totals-block\">\n<div data-block-name=\"woocommerce\/cart-order-summary-subtotal-block\" class=\"wp-block-woocommerce-cart-order-summary-subtotal-block\"><\/div>\n<div data-block-name=\"woocommerce\/cart-order-summary-discount-block\" class=\"wp-block-woocommerce-cart-order-summary-discount-block\"><\/div>\n<div data-block-name=\"woocommerce\/cart-order-summary-fee-block\" class=\"wp-block-woocommerce-cart-order-summary-fee-block\"><\/div>\n<div data-block-name=\"woocommerce\/cart-order-summary-shipping-block\" class=\"wp-block-woocommerce-cart-order-summary-shipping-block\"><\/div>\n<div data-block-name=\"woocommerce\/cart-order-summary-taxes-block\" class=\"wp-block-woocommerce-cart-order-summary-taxes-block\"><\/div><\/div>\n<\/div>\n\n\n\n<div data-block-name=\"woocommerce\/cart-express-payment-block\" class=\"wp-block-woocommerce-cart-express-payment-block\"><\/div>\n\n\n\n<div data-block-name=\"woocommerce\/proceed-to-checkout-block\" class=\"wp-block-woocommerce-proceed-to-checkout-block\"><\/div>\n\n\n\n<div data-block-name=\"woocommerce\/cart-accepted-payment-methods-block\" class=\"wp-block-woocommerce-cart-accepted-payment-methods-block\"><\/div>\n<\/div>\n<\/div>\n\n\n\n<div data-block-name=\"woocommerce\/empty-cart-block\" class=\"wp-block-woocommerce-empty-cart-block\">\n<h2 class=\"wp-block-heading has-text-align-center with-empty-cart-icon wc-block-cart__empty-cart__title\">Ostoskorisi on tyhj\u00e4!<\/h2>\n\n\n\n<hr class=\"wp-block-separator has-alpha-channel-opacity is-style-dots\"\/>\n\n\n\n<h2 class=\"wp-block-heading has-text-align-center\">Varasto v\u00e4hiss\u00e4<\/h2>\n\n\n<div data-block-name=\"woocommerce\/product-new\" data-columns=\"4\" data-rows=\"1\" class=\"wc-block-grid wp-block-product-new wp-block-woocommerce-product-new wc-block-product-new has-4-columns\"><ul class=\"wc-block-grid__products\"><li class=\"wc-block-grid__product\">\n\t\t\t\t<a href=\"https:\/\/takeaway.iss.fi\/karinkampus\/tuote\/paivan-sampyla-2\/\" class=\"wc-block-grid__product-link\">\n\t\t\t\t\t\n\t\t\t\t\t<div class=\"wc-block-grid__product-image\"><img loading=\"lazy\" decoding=\"async\" width=\"324\" height=\"324\" src=\"https:\/\/takeaway.iss.fi\/karinkampus\/wp-content\/uploads\/sites\/28\/woocommerce-placeholder-324x324.png\" class=\"woocommerce-placeholder wp-post-image\" alt=\"P\u00e4iv\u00e4n s\u00e4mpyl\u00e4 (16049)\" srcset=\"https:\/\/takeaway.iss.fi\/karinkampus\/wp-content\/uploads\/sites\/28\/woocommerce-placeholder-324x324.png 324w, https:\/\/takeaway.iss.fi\/karinkampus\/wp-content\/uploads\/sites\/28\/woocommerce-placeholder-300x300.png 300w, https:\/\/takeaway.iss.fi\/karinkampus\/wp-content\/uploads\/sites\/28\/woocommerce-placeholder-1024x1024.png 1024w, https:\/\/takeaway.iss.fi\/karinkampus\/wp-content\/uploads\/sites\/28\/woocommerce-placeholder-150x150.png 150w, https:\/\/takeaway.iss.fi\/karinkampus\/wp-content\/uploads\/sites\/28\/woocommerce-placeholder-768x768.png 768w, https:\/\/takeaway.iss.fi\/karinkampus\/wp-content\/uploads\/sites\/28\/woocommerce-placeholder-416x416.png 416w, https:\/\/takeaway.iss.fi\/karinkampus\/wp-content\/uploads\/sites\/28\/woocommerce-placeholder-100x100.png 100w, https:\/\/takeaway.iss.fi\/karinkampus\/wp-content\/uploads\/sites\/28\/woocommerce-placeholder.png 1200w\" sizes=\"auto, (max-width: 324px) 100vw, 324px\" \/><\/div>\n\t\t\t\t\t<div class=\"wc-block-grid__product-title\">P\u00e4iv\u00e4n s\u00e4mpyl\u00e4<\/div>\n\t\t\t\t<\/a>\n\t\t\t\t<div class=\"wc-block-grid__product-price price\"><span class=\"woocommerce-Price-amount amount\">3,20&nbsp;<span class=\"woocommerce-Price-currencySymbol\">&euro;<\/span><\/span><\/div>\n\t\t\t\t\n\t\t\t\t<div class=\"wp-block-button wc-block-grid__product-add-to-cart\"><a href=\"\/karinkampus\/wp-json\/wp\/v2\/pages\/3?add-to-cart=899\" aria-label=\"Lis\u00e4\u00e4 ostoskoriin: &quot;P\u00e4iv\u00e4n s\u00e4mpyl\u00e4&quot;\" data-quantity=\"1\" data-product_id=\"899\" data-product_sku=\"16049\" data-price=\"3.2\" rel=\"nofollow\" class=\"wp-block-button__link  add_to_cart_button ajax_add_to_cart\">Lis\u00e4\u00e4 ostoskoriin<\/a><\/div>\n\t\t\t<\/li><li class=\"wc-block-grid__product\">\n\t\t\t\t<a href=\"https:\/\/takeaway.iss.fi\/karinkampus\/tuote\/tee\/\" class=\"wc-block-grid__product-link\">\n\t\t\t\t\t\n\t\t\t\t\t<div class=\"wc-block-grid__product-image\"><img loading=\"lazy\" decoding=\"async\" width=\"324\" height=\"324\" src=\"https:\/\/takeaway.iss.fi\/karinkampus\/wp-content\/uploads\/sites\/28\/woocommerce-placeholder-324x324.png\" class=\"woocommerce-placeholder wp-post-image\" alt=\"Tee (19007)\" srcset=\"https:\/\/takeaway.iss.fi\/karinkampus\/wp-content\/uploads\/sites\/28\/woocommerce-placeholder-324x324.png 324w, https:\/\/takeaway.iss.fi\/karinkampus\/wp-content\/uploads\/sites\/28\/woocommerce-placeholder-300x300.png 300w, https:\/\/takeaway.iss.fi\/karinkampus\/wp-content\/uploads\/sites\/28\/woocommerce-placeholder-1024x1024.png 1024w, https:\/\/takeaway.iss.fi\/karinkampus\/wp-content\/uploads\/sites\/28\/woocommerce-placeholder-150x150.png 150w, https:\/\/takeaway.iss.fi\/karinkampus\/wp-content\/uploads\/sites\/28\/woocommerce-placeholder-768x768.png 768w, https:\/\/takeaway.iss.fi\/karinkampus\/wp-content\/uploads\/sites\/28\/woocommerce-placeholder-416x416.png 416w, https:\/\/takeaway.iss.fi\/karinkampus\/wp-content\/uploads\/sites\/28\/woocommerce-placeholder-100x100.png 100w, https:\/\/takeaway.iss.fi\/karinkampus\/wp-content\/uploads\/sites\/28\/woocommerce-placeholder.png 1200w\" sizes=\"auto, (max-width: 324px) 100vw, 324px\" \/><\/div>\n\t\t\t\t\t<div class=\"wc-block-grid__product-title\">Tee<\/div>\n\t\t\t\t<\/a>\n\t\t\t\t<div class=\"wc-block-grid__product-price price\"><\/div>\n\t\t\t\t\n\t\t\t\t<div class=\"wp-block-button wc-block-grid__product-add-to-cart\"><a href=\"\/karinkampus\/wp-json\/wp\/v2\/pages\/3?add-to-cart=747\" aria-label=\"Lis\u00e4\u00e4 ostoskoriin: &quot;Tee&quot;\" data-quantity=\"1\" data-product_id=\"747\" data-product_sku=\"19007\" data-price=\"0\" rel=\"nofollow\" class=\"wp-block-button__link  add_to_cart_button ajax_add_to_cart\">N\u00e4yt\u00e4 tuote<\/a><\/div>\n\t\t\t<\/li><li class=\"wc-block-grid__product\">\n\t\t\t\t<a href=\"https:\/\/takeaway.iss.fi\/karinkampus\/tuote\/kahvi\/\" class=\"wc-block-grid__product-link\">\n\t\t\t\t\t\n\t\t\t\t\t<div class=\"wc-block-grid__product-image\"><img loading=\"lazy\" decoding=\"async\" width=\"324\" height=\"324\" src=\"https:\/\/takeaway.iss.fi\/karinkampus\/wp-content\/uploads\/sites\/28\/woocommerce-placeholder-324x324.png\" class=\"woocommerce-placeholder wp-post-image\" alt=\"Kahvi (19005)\" srcset=\"https:\/\/takeaway.iss.fi\/karinkampus\/wp-content\/uploads\/sites\/28\/woocommerce-placeholder-324x324.png 324w, https:\/\/takeaway.iss.fi\/karinkampus\/wp-content\/uploads\/sites\/28\/woocommerce-placeholder-300x300.png 300w, https:\/\/takeaway.iss.fi\/karinkampus\/wp-content\/uploads\/sites\/28\/woocommerce-placeholder-1024x1024.png 1024w, https:\/\/takeaway.iss.fi\/karinkampus\/wp-content\/uploads\/sites\/28\/woocommerce-placeholder-150x150.png 150w, https:\/\/takeaway.iss.fi\/karinkampus\/wp-content\/uploads\/sites\/28\/woocommerce-placeholder-768x768.png 768w, https:\/\/takeaway.iss.fi\/karinkampus\/wp-content\/uploads\/sites\/28\/woocommerce-placeholder-416x416.png 416w, https:\/\/takeaway.iss.fi\/karinkampus\/wp-content\/uploads\/sites\/28\/woocommerce-placeholder-100x100.png 100w, https:\/\/takeaway.iss.fi\/karinkampus\/wp-content\/uploads\/sites\/28\/woocommerce-placeholder.png 1200w\" sizes=\"auto, (max-width: 324px) 100vw, 324px\" \/><\/div>\n\t\t\t\t\t<div class=\"wc-block-grid__product-title\">Kahvi<\/div>\n\t\t\t\t<\/a>\n\t\t\t\t<div class=\"wc-block-grid__product-price price\"><\/div>\n\t\t\t\t\n\t\t\t\t<div class=\"wp-block-button wc-block-grid__product-add-to-cart\"><a href=\"\/karinkampus\/wp-json\/wp\/v2\/pages\/3?add-to-cart=744\" aria-label=\"Lis\u00e4\u00e4 ostoskoriin: &quot;Kahvi&quot;\" data-quantity=\"1\" data-product_id=\"744\" data-product_sku=\"19005\" data-price=\"0\" rel=\"nofollow\" class=\"wp-block-button__link  add_to_cart_button ajax_add_to_cart\">N\u00e4yt\u00e4 tuote<\/a><\/div>\n\t\t\t<\/li><\/ul><\/div><\/div>\n<\/div>\n","protected":false},"excerpt":{"rendered":"","protected":false},"author":1,"featured_media":0,"parent":0,"menu_order":0,"comment_status":"closed","ping_status":"closed","template":"","meta":{"footnotes":""},"class_list":["post-3","page","type-page","status-publish","hentry"],"_links":{"self":[{"href":"https:\/\/takeaway.iss.fi\/karinkampus\/wp-json\/wp\/v2\/pages\/3","targetHints":{"allow":["GET"]}}],"collection":[{"href":"https:\/\/takeaway.iss.fi\/karinkampus\/wp-json\/wp\/v2\/pages"}],"about":[{"href":"https:\/\/takeaway.iss.fi\/karinkampus\/wp-json\/wp\/v2\/types\/page"}],"author":[{"embeddable":true,"href":"https:\/\/takeaway.iss.fi\/karinkampus\/wp-json\/wp\/v2\/users\/1"}],"replies":[{"embeddable":true,"href":"https:\/\/takeaway.iss.fi\/karinkampus\/wp-json\/wp\/v2\/comments?post=3"}],"version-history":[{"count":0,"href":"https:\/\/takeaway.iss.fi\/karinkampus\/wp-json\/wp\/v2\/pages\/3\/revisions"}],"wp:attachment":[{"href":"https:\/\/takeaway.iss.fi\/karinkampus\/wp-json\/wp\/v2\/media?parent=3"}],"curies":[{"name":"wp","href":"https:\/\/api.w.org\/{rel}","templated":true}]}}