{"id":10,"date":"2024-07-02T12:50:19","date_gmt":"2024-07-02T09:50:19","guid":{"rendered":"https:\/\/takeaway.iss.fi\/karinkampus\/saavutettavuusseloste\/?lang=fi"},"modified":"2024-07-05T12:20:26","modified_gmt":"2024-07-05T09:20:26","slug":"saavutettavuusseloste","status":"publish","type":"page","link":"https:\/\/takeaway.iss.fi\/karinkampus\/saavutettavuusseloste\/","title":{"rendered":"Saavutettavuusseloste"},"content":{"rendered":"\n<p>T\u00e4m\u00e4 saavutettavuusseloste koskee sivustoa <a href=\"https:\/\/takeaway.iss.fi\/\" data-type=\"URL\" data-id=\"https:\/\/takeaway.iss.fi\/\">https:\/\/takeaway.iss.fi\/<\/a> ja sen alasivuja. Seloste on laadittu 15.8.2023.<\/p>\n\n\n\n<p>T\u00e4ss\u00e4 saavutettavuusselosteessa kerrotaan, miten verkkokaupassa noudatetaan <a href=\"https:\/\/vm.fi\/saavutettavuusdirektiivi\">EU:n saavutettavuusdirektiiviin<\/a> pohjautuvaa lakia <a href=\"https:\/\/www.saavutettavuusvaatimukset.fi\/lait-ja-standardit\/\">digitaalisten palvelujen<\/a> tarjoamisesta, mit\u00e4 puutteita sivuston saavutettavuudessa on ja miten voit antaa meille palautetta saavutettavuusongelmista.<\/p>\n\n\n\n<p>Ulkopuolinen asiantuntijaorganisaatio on arvioinut sivuston saavutettavuuden automaattisen tarkistusty\u00f6kalun avulla.<\/p>\n\n\n\n<h2 class=\"wp-block-heading\">Digipalvelun saavutettavuuden tila<\/h2>\n\n\n\n<p>T\u00e4ytt\u00e4\u00e4 WCAG 2.1 -ohjeistuksen A-tason saavutettavuusvaatimukset t\u00e4ysin.<\/p>\n\n\n\n<h2 class=\"wp-block-heading\">Huomasitko puutteita saavutettavuudessa?&nbsp;<\/h2>\n\n\n\n<p>Pyrimme jatkuvasti parantamaan sivuston saavutettavuutta. Jos l\u00f6yd\u00e4t ongelmia, joita ei ole kuvattu t\u00e4ll\u00e4 sivulla, ilmoita niist\u00e4 meille ja teemme parhaamme puutteiden korjaamiseksi. Vastaamme yleens\u00e4 viikon sis\u00e4ll\u00e4. Lain mukainen vastausaika on enint\u00e4\u00e4n 14 vuorokautta.<\/p>\n\n\n\n<h3 class=\"wp-block-heading\">Anna palautetta<\/h3>\n\n\n\n<p>Verkkolomakkeella osoitteessa: <a href=\"https:\/\/www.fi.issworld.com\/fi-fi\/tietoa-iss-sta\/yhteystiedot\/ota-yhteytta\" data-type=\"URL\" data-id=\"https:\/\/www.fi.issworld.com\/fi-fi\/tietoa-iss-sta\/yhteystiedot\/ota-yhteytta\">https:\/\/www.fi.issworld.com\/fi-fi\/tietoa-iss-sta\/yhteystiedot\/ota-yhteytta<\/a><\/p>\n\n\n\n<p>Etel\u00e4-Suomen aluehallintovirasto valvoo saavutettavuusvaatimusten toteutumista. Jos et ole tyytyv\u00e4inen palvelusta vastaavalta saamaasi vastaukseen tai et saa vastausta lainkaan kahden viikon aikana, voit tehd\u00e4 ilmoituksen Etel\u00e4-Suomen aluehallintovirastoon. Etel\u00e4-Suomen aluehallintoviraston sivulla kerrotaan tarkasti, miten valituksen voi tehd\u00e4 ja miten asia k\u00e4sitell\u00e4\u00e4n.<\/p>\n\n\n\n<h2 class=\"wp-block-heading\">Valvontaviranomaisen yhteystiedot<\/h2>\n\n\n\n<p>Etel\u00e4-Suomen aluehallintovirasto<br>Saavutettavuuden valvonnan yksikk\u00f6<br>www.saavutettavuusvaatimukset.fi<br>saavutettavuus(at)avi.fi<br>puhelinnumero vaihde 0295 016&nbsp;000<\/p>\n","protected":false},"excerpt":{"rendered":"<p>T\u00e4m\u00e4 saavutettavuusseloste koskee sivustoa https:\/\/takeaway.iss.fi\/ ja sen alasivuja. Seloste on laadittu 15.8.2023. T\u00e4ss\u00e4 saavutettavuusselosteessa kerrotaan, miten verkkokaupassa noudatetaan EU:n saavutettavuusdirektiiviin pohjautuvaa lakia digitaalisten palvelujen tarjoamisesta, mit\u00e4 puutteita sivuston saavutettavuudessa on ja miten voit antaa meille palautetta saavutettavuusongelmista. Ulkopuolinen asiantuntijaorganisaatio on arvioinut sivuston saavutettavuuden automaattisen tarkistusty\u00f6kalun avulla. Digipalvelun saavutettavuuden tila T\u00e4ytt\u00e4\u00e4 WCAG 2.1 -ohjeistuksen A-tason saavutettavuusvaatimukset [&hellip;]<\/p>\n","protected":false},"author":1,"featured_media":0,"parent":0,"menu_order":0,"comment_status":"closed","ping_status":"closed","template":"","meta":{"footnotes":""},"class_list":["post-10","page","type-page","status-publish","hentry"],"_links":{"self":[{"href":"https:\/\/takeaway.iss.fi\/karinkampus\/wp-json\/wp\/v2\/pages\/10","targetHints":{"allow":["GET"]}}],"collection":[{"href":"https:\/\/takeaway.iss.fi\/karinkampus\/wp-json\/wp\/v2\/pages"}],"about":[{"href":"https:\/\/takeaway.iss.fi\/karinkampus\/wp-json\/wp\/v2\/types\/page"}],"author":[{"embeddable":true,"href":"https:\/\/takeaway.iss.fi\/karinkampus\/wp-json\/wp\/v2\/users\/1"}],"replies":[{"embeddable":true,"href":"https:\/\/takeaway.iss.fi\/karinkampus\/wp-json\/wp\/v2\/comments?post=10"}],"version-history":[{"count":2,"href":"https:\/\/takeaway.iss.fi\/karinkampus\/wp-json\/wp\/v2\/pages\/10\/revisions"}],"predecessor-version":[{"id":29,"href":"https:\/\/takeaway.iss.fi\/karinkampus\/wp-json\/wp\/v2\/pages\/10\/revisions\/29"}],"wp:attachment":[{"href":"https:\/\/takeaway.iss.fi\/karinkampus\/wp-json\/wp\/v2\/media?parent=10"}],"curies":[{"name":"wp","href":"https:\/\/api.w.org\/{rel}","templated":true}]}}