{"id":1352,"date":"2025-03-20T12:10:51","date_gmt":"2025-03-20T10:10:51","guid":{"rendered":"https:\/\/takeaway.iss.fi\/bayer\/tuote\/lounas-2\/"},"modified":"2026-01-01T02:36:42","modified_gmt":"2026-01-01T00:36:42","slug":"lounas-2","status":"publish","type":"product","link":"https:\/\/takeaway.iss.fi\/bayer\/tuote\/lounas-2\/","title":{"rendered":"Kasvislounas"},"content":{"rendered":"<p>Lounastilauksia voi tehd\u00e4 tiistai, keskiviikko ja torstap\u00e4iville.\u00a0<\/p>\n<p>Tilaukset tulee tehd\u00e4 viimeist\u00e4\u00e4n edelt\u00e4v\u00e4n\u00e4 arkip\u00e4iv\u00e4n\u00e4 kello 12 menness\u00e4.<\/p>\n<p>Annokseen kuuluu lounas, lisukekasvikset, leip\u00e4 ja levite.\u00a0<\/p>\n<p>\u00a0<\/p>\n","protected":false},"excerpt":{"rendered":"<p>Lounastilauksia voi tehd\u00e4 tiistai, keskiviikko ja torstap\u00e4iville.\u00a0 Tilaukset tulee tehd\u00e4 viimeist\u00e4\u00e4n edelt\u00e4v\u00e4n\u00e4 arkip\u00e4iv\u00e4n\u00e4 kello 12 menness\u00e4. Annokseen kuuluu lounas, lisukekasvikset, leip\u00e4 ja levite.\u00a0 \u00a0<\/p>\n","protected":false},"featured_media":1355,"template":"","meta":[],"product_brand":[],"product_cat":[37],"product_tag":[],"class_list":{"0":"post-1352","1":"product","2":"type-product","3":"status-publish","4":"has-post-thumbnail","6":"product_cat-lounaat","8":"first","9":"instock","10":"virtual","11":"taxable","12":"purchasable","13":"product-type-simple"},"_links":{"self":[{"href":"https:\/\/takeaway.iss.fi\/bayer\/wp-json\/wp\/v2\/product\/1352","targetHints":{"allow":["GET"]}}],"collection":[{"href":"https:\/\/takeaway.iss.fi\/bayer\/wp-json\/wp\/v2\/product"}],"about":[{"href":"https:\/\/takeaway.iss.fi\/bayer\/wp-json\/wp\/v2\/types\/product"}],"wp:featuredmedia":[{"embeddable":true,"href":"https:\/\/takeaway.iss.fi\/bayer\/wp-json\/wp\/v2\/media\/1355"}],"wp:attachment":[{"href":"https:\/\/takeaway.iss.fi\/bayer\/wp-json\/wp\/v2\/media?parent=1352"}],"wp:term":[{"taxonomy":"product_brand","embeddable":true,"href":"https:\/\/takeaway.iss.fi\/bayer\/wp-json\/wp\/v2\/product_brand?post=1352"},{"taxonomy":"product_cat","embeddable":true,"href":"https:\/\/takeaway.iss.fi\/bayer\/wp-json\/wp\/v2\/product_cat?post=1352"},{"taxonomy":"product_tag","embeddable":true,"href":"https:\/\/takeaway.iss.fi\/bayer\/wp-json\/wp\/v2\/product_tag?post=1352"}],"curies":[{"name":"wp","href":"https:\/\/api.w.org\/{rel}","templated":true}]}}